2, 197, 5399
What are the prime factors of 1503926?
2, 19, 2083
What are the prime factors of 6319931?
617, 10243
What are the prime factors of 2560957?
7, 365851
List the prime factors of 1244949.
3, 61, 6803
What are the prime factors of 37756466?
2, 11, 1716203
List the prime factors of 30594094.
2, 23, 665089
List the prime factors of 671839.
7, 13711
List the prime factors of 5235457.
29, 180533
List the prime factors of 222298.
2, 111149
What are the prime factors of 6809826?
2, 3, 17, 66763
What are the prime factors of 945046?
2, 472523
What are the prime factors of 46925?
5, 1877
List the prime factors of 133086.
2, 3, 41, 541
What are the prime factors of 162432?
2, 3, 47
What are the prime factors of 4021123?
37, 191, 569
What are the prime factors of 9509017?
7, 179, 7589
List the prime factors of 28951454.
2, 7, 29, 61, 167
List the prime factors of 599862.
2, 3, 17, 5881
List the prime factors of 445049.
11, 40459
What are the prime factors of 2372958?
2, 3, 7, 37, 509
What are the prime factors of 99036?
2, 3, 7, 131
What are the prime factors of 1301218?
2, 650609
List the prime factors of 9401608.
2, 131, 8971
List the prime factors of 7930373.
11, 720943
List the prime factors of 1780227.
3, 197803
List the prime factors of 1101729.
3, 367243
List the prime factors of 875914.
2, 13, 59, 571
What are the prime factors of 99686?
2, 49843
List the prime factors of 373272.
2, 3, 103, 151
What are the prime factors of 171908?
2, 11, 3907
What are the prime factors of 122451?
3, 7, 17
What are the prime factors of 9703653?
3, 3234551
List the prime factors of 157380.
2, 3, 5, 43, 61
What are the prime factors of 9786801?
3, 223, 14629
List the prime factors of 273983.
83, 3301
List the prime factors of 818765.
5, 163753
List the prime factors of 7295507.
373, 19559
What are the prime factors of 203039?
203039
What are the prime factors of 86989?
7, 17, 43
List the prime factors of 1228432.
2, 76777
What are the prime factors of 19415766?
2, 3, 3235961
List the prime factors of 1085758.
2, 53, 10243
List the prime factors of 5628474.
2, 3, 104231
List the prime factors of 174686.
2, 19, 4597
List the prime factors of 5583159.
3, 620351
List the prime factors of 1021436.
2, 13, 1511
What are the prime factors of 281706?
2, 3, 29, 1619
What are the prime factors of 803982?
2, 3, 47, 2851
List the prime factors of 6210837.
3, 61, 419
List the prime factors of 7170941.
41, 174901
What are the prime factors of 12289433?
13, 945341
What are the prime factors of 575055?
3, 5, 13, 983
List the prime factors of 174584.
2, 139, 157
What are the prime factors of 3064989?
3, 1021663
What are the prime factors of 268465?
5, 53693
What are the prime factors of 114046?
2, 127, 449
List the prime factors of 2941154.
2, 1470577
List the prime factors of 24892312.
2, 3111539
What are the prime factors of 793834?
2, 53, 7489
List the prime factors of 230519.
61, 3779
List the prime factors of 788925.
3, 5, 67, 157
What are the prime factors of 28214620?
2, 5, 7, 19, 10607
What are the prime factors of 610724?
2, 152681
What are the prime factors of 961742?
2, 19, 25309
List the prime factors of 318003.
3, 7, 19, 797
What are the prime factors of 2332040?
2, 5, 173, 337
List the prime factors of 3734701.
617, 6053
List the prime factors of 370678.
2, 7, 11, 29, 83
What are the prime factors of 121458?
2, 3, 31, 653
List the prime factors of 4824950.
2, 5, 13, 571
List the prime factors of 7166529.
3, 265427
What are the prime factors of 639702?
2, 3, 7, 5077
List the prime factors of 523812.
2, 3, 43651
List the prime factors of 3605358.
2, 3, 600893
List the prime factors of 1666686.
2, 3, 7, 5669
What are the prime factors of 2448619?
103, 23773
List the prime factors of 8547361.
8547361
What are the prime factors of 61720?
2, 5, 1543
What are the prime factors of 178549?
7, 23, 1109
List the prime factors of 18850225.
5, 23, 32783
List the prime factors of 146078.
2, 73039
What are the prime factors of 2512650?
2, 3, 5, 7, 2393
What are the prime factors of 202529?
202529
List the prime factors of 368802.
2, 3, 7, 2927
What are the prime factors of 2241?
3, 83
What are the prime factors of 16256640?
2, 3, 5, 8467
List the prime factors of 3229509.
3, 1076503
What are the prime factors of 5547274?
2, 2773637
List the prime factors of 2206723.
2206723
What are the prime factors of 4114856?
2, 514357
What are the prime factors of 897439?
103, 8713
What are the prime factors of 30054944?
2, 61, 89, 173
List the prime factors of 430266.
2, 3, 71711
What are the prime factors of 12187180?
2, 5, 609359
List the prime factors of 1717427.
47, 36541
What are the prime factors of 167353?
113, 1481
What are the prime factors of 436956?
2, 3, 13, 2801
What are the prime factors of 261613?
11, 17, 1399
What are the prime factors of 373408?
2, 7, 1667
What are the prime factors of 129582?
2, 3, 23, 313
List the prime factors of 528893.
263, 2011
What are the prime factors of 26303597?
47, 67, 8353
What are the prime factors of 452135?
5, 31, 2917
List the prime factors of 156298.
2, 17, 4597
What are the prime factors of 16338337?
109, 149893
List the prime factors of 20822767.
7, 137, 21713
List the prime factors of 872280.
2, 3, 5, 2423
What are the prime factors of 31012846?
2, 139, 281, 397
What are the prime factors of 330346?
2, 165173
What are the prime factors of 686508?
2, 3, 19, 3011
List the prime factors of 36917642.
2, 17, 1085813
What are the prime factors of 1666904?
2, 101, 2063
List the prime factors of 203926.
2, 101963
List the prime factors of 3078660.
2, 3, 5, 13, 3947
What are the prime factors of 21508004?
2, 7, 97, 7919
List the prime factors of 149057.
149057
List the prime factors of 301314.
2, 3, 13, 3863
List the prime factors of 577095.
3, 5, 79, 487
List the prime factors of 1714444.
2, 53, 8087
What are the prime factors of 1931372?
2, 173, 2791
What are the prime factors of 28571954?
2, 14285977
What are the prime factors of 4987421?
61, 81761
What are the prime factors of 3414907?
157, 21751
What are the prime factors of 16335?
3, 5, 11
List the prime factors of 12337496.
2, 1542187
List the prime factors of 2621956.
2, 655489
List the prime factors of 2925642.
2, 3, 487607
What are the prime factors of 15629641?
15629641
What are the prime factors of 2757541?
2757541
List the prime factors of 20878224.
2, 3, 434963
What are the prime factors of 221185?
5, 31, 1427
List the prime factors of 602856.
2, 3, 2791
List the prime factors of 334536.
2, 3, 53, 263
What are the prime factors of 1636689?
3, 151, 3613
List the prime factors of 177580.
2, 5, 13, 683
List the prime factors of 754199.
31, 24329
List the prime factors of 2115374.
2, 71, 14897
What are the prime factors of 36085?
5, 7, 1031
What are the prime factors of 1124489?
863, 1303
What are the prime factors of 1336406?
2, 668203
List the prime factors of 228653.
137, 1669
What are the prime factors of 467477?
467477
What are the prime factors of 1284398?
2, 642199
What are the prime factors of 3829361?
73, 52457
What are the prime factors of 1989547?
7, 19, 2137
What are the prime factors of 1627888?
2, 71, 1433
List the prime factors of 16597.
7, 2371
List the prime factors of 5578561.
461, 12101
What are the prime factors of 2269925?
5, 7, 17, 109
List the prime factors of 466250.
2, 5, 373
What are the prime factors of 351411?
3, 41, 2857
List the prime factors of 228877.
11, 20807
What are the prime factors of 15384?
2, 3, 641
What are the prime factors of 7994741?
73, 109517
What are the prime factors of 20453753?
443, 46171
List the prime factors of 1820578.
2, 271, 3359
What are the prime factors of 4579215?
3, 5, 305281
What are the prime factors of 7742525?
5, 7, 151, 293
What are the prime factors of 4288280?
2, 5, 47, 2281
List the prime factors of 203039.
203039
List the prime factors of 59592.
2, 3, 13, 191
List the prime factors of 371023.
311, 1193
List the prime factors of 10513362.
2, 3, 1752227
What are the prime factors of 16667382?
2, 3, 59, 197, 239
List the prime factors of 343576.
2, 67, 641
What are the prime factors of 327503?
11, 19, 1567
List the prime factors of 32036.
2, 8009
List the prime factors of 545020.
2, 5, 7, 17, 229
What are the 